{"id":40,"date":"2019-10-14T20:05:08","date_gmt":"2019-10-14T20:05:08","guid":{"rendered":"http:\/\/www.brfullnaberg.se\/?page_id=40"},"modified":"2025-01-12T23:42:12","modified_gmt":"2025-01-12T23:42:12","slug":"kontakt-felanmalan","status":"publish","type":"page","link":"http:\/\/www.brfullnaberg.se\/?page_id=40","title":{"rendered":"Kontakt \/ Felanm\u00e4lan"},"content":{"rendered":"\n<p><strong>Felanm\u00e4lan<\/strong>:<\/p>\n\n\n\n<p>Om ditt \u00e4rende inte \u00e4r akut, kontakta Emelie <a href=\"mailto:eandersson83@gmail.com\">eandersson83@gmail.com<\/a><br>Om ditt \u00e4rende \u00e4r akut, kontakta n\u00e5gon i styrelsen.<\/p>\n\n\n\n<p>Vid el-avbrott, se Elverkets hemsida f\u00f6r driftsinformation: <\/p>\n\n\n\n<p><a href=\"https:\/\/avbrottskarta.ellevio.se\/kommun\/vallentuna\/idag\" target=\"_blank\" rel=\"noreferrer noopener\">https:\/\/avbrottskarta.ellevio.se\/kommun\/vallentuna\/idag<\/a><\/p>\n\n\n\n<p>F\u00f6r info ang. vatten g\u00e5 in p\u00e5 Ullna-L\u00f6vs\u00e4ttra Samf\u00e4llighetsf\u00f6rening:<\/p>\n\n\n\n<p><a href=\"http:\/\/uls.n.nu\" target=\"_blank\" rel=\"noreferrer noopener\">uls.n.nu<\/a><\/p>\n\n\n\n<p><\/p>\n\n\n\n<p>Mycket l\u00f6ser vi sj\u00e4lva, och t\u00e4nk en g\u00e5ng extra innan du ringer, kan det vara en propp som g\u00e5tt, eller kanske bara gl\u00f6dlampan har g\u00e5tt s\u00f6nder. <br>Vi agerar inte heller st\u00f6rningsjour, s\u00e5 om din granne spelar h\u00f6gt sent en kv\u00e4ll, knacka p\u00e5 och be dem s\u00e4nka volymen. Det \u00e4r mycket lyh\u00f6rt i vissa l\u00e4genheter.<\/p>\n\n\n\n<p>Vi har alla ordinarie jobb och familjer att ta hand om, s\u00e5 respektera tid p\u00e5 dygnet vid kontakt per telefon.<\/p>\n\n\n\n<p><\/p>\n\n\n\n<div class=\"wp-block-file\"><a id=\"wp-block-file--media-0bfea22e-09c8-4a0f-906b-920862833b12\" href=\"http:\/\/media.brfullnaberg.se\/2020\/07\/autogiroanmalan-brf-ullnaberg.pdf\" target=\"_blank\" rel=\"noreferrer noopener\">autogiroanmalan-brf-ullnaberg<\/a><a href=\"http:\/\/media.brfullnaberg.se\/2020\/07\/autogiroanmalan-brf-ullnaberg.pdf\" class=\"wp-block-file__button wp-element-button\" download aria-describedby=\"wp-block-file--media-0bfea22e-09c8-4a0f-906b-920862833b12\">H\u00e4mta<\/a><\/div>\n\n\n\n<p><\/p>\n","protected":false},"excerpt":{"rendered":"<p>Felanm\u00e4lan: Om ditt \u00e4rende inte \u00e4r akut, kontakta Emelie eandersson83@gmail.comOm ditt \u00e4rende \u00e4r akut, kontakta n\u00e5gon i styrelsen. Vid el-avbrott, se Elverkets hemsida f\u00f6r driftsinformation: https:\/\/avbrottskarta.ellevio.se\/kommun\/vallentuna\/idag F\u00f6r info ang. vatten g\u00e5 in p\u00e5 Ullna-L\u00f6vs\u00e4ttra Samf\u00e4llighetsf\u00f6rening: uls.n.nu Mycket l\u00f6ser vi sj\u00e4lva,&#8230; <a href=\"http:\/\/www.brfullnaberg.se\/?page_id=40\" class=\"readmore\">L\u00e4s mer<span class=\"screen-reader-text\">Kontakt \/ Felanm\u00e4lan<\/span><span class=\"fa fa-angle-double-right\" aria-hidden=\"true\"><\/span><\/a><\/p>\n","protected":false},"author":1,"featured_media":0,"parent":0,"menu_order":0,"comment_status":"closed","ping_status":"closed","template":"template\/full-width.php","meta":{"footnotes":""},"class_list":["post-40","page","type-page","status-publish","hentry"],"_links":{"self":[{"href":"http:\/\/www.brfullnaberg.se\/index.php?rest_route=\/wp\/v2\/pages\/40","targetHints":{"allow":["GET"]}}],"collection":[{"href":"http:\/\/www.brfullnaberg.se\/index.php?rest_route=\/wp\/v2\/pages"}],"about":[{"href":"http:\/\/www.brfullnaberg.se\/index.php?rest_route=\/wp\/v2\/types\/page"}],"author":[{"embeddable":true,"href":"http:\/\/www.brfullnaberg.se\/index.php?rest_route=\/wp\/v2\/users\/1"}],"replies":[{"embeddable":true,"href":"http:\/\/www.brfullnaberg.se\/index.php?rest_route=%2Fwp%2Fv2%2Fcomments&post=40"}],"version-history":[{"count":14,"href":"http:\/\/www.brfullnaberg.se\/index.php?rest_route=\/wp\/v2\/pages\/40\/revisions"}],"predecessor-version":[{"id":270,"href":"http:\/\/www.brfullnaberg.se\/index.php?rest_route=\/wp\/v2\/pages\/40\/revisions\/270"}],"wp:attachment":[{"href":"http:\/\/www.brfullnaberg.se\/index.php?rest_route=%2Fwp%2Fv2%2Fmedia&parent=40"}],"curies":[{"name":"wp","href":"https:\/\/api.w.org\/{rel}","templated":true}]}}

Kontakt / Felanmälan

<p><strong>Felanmälan</strong>:</p>



<p>Om ditt ärende inte är akut, kontakta Emelie <a href="mailto:eandersson83@gmail.com">eandersson83@gmail.com</a><br>Om ditt ärende är akut, kontakta någon i styrelsen.</p>



<p>Vid el-avbrott, se Elverkets hemsida för driftsinformation: </p>



<p><a href="https://avbrottskarta.ellevio.se/kommun/vallentuna/idag" target="_blank" rel="noreferrer noopener">https://avbrottskarta.ellevio.se/kommun/vallentuna/idag</a></p>



<p>För info ang. vatten gå in på Ullna-Lövsättra Samfällighetsförening:</p>



<p><a href="http://uls.n.nu" target="_blank" rel="noreferrer noopener">uls.n.nu</a></p>



<p></p>



<p>Mycket löser vi själva, och tänk en gång extra innan du ringer, kan det vara en propp som gått, eller kanske bara glödlampan har gått sönder. <br>Vi agerar inte heller störningsjour, så om din granne spelar högt sent en kväll, knacka på och be dem sänka volymen. Det är mycket lyhört i vissa lägenheter.</p>



<p>Vi har alla ordinarie jobb och familjer att ta hand om, så respektera tid på dygnet vid kontakt per telefon.</p>



<p></p>



<div class="wp-block-file"><a id="wp-block-file--media-0bfea22e-09c8-4a0f-906b-920862833b12" href="http://media.brfullnaberg.se/2020/07/autogiroanmalan-brf-ullnaberg.pdf" target="_blank" rel="noreferrer noopener">autogiroanmalan-brf-ullnaberg</a><a href="http://media.brfullnaberg.se/2020/07/autogiroanmalan-brf-ullnaberg.pdf" class="wp-block-file__button wp-element-button" download aria-describedby="wp-block-file--media-0bfea22e-09c8-4a0f-906b-920862833b12">Hämta</a></div>



<p></p>

<p>Felanmälan: Om ditt ärende inte är akut, kontakta Emelie eandersson83@gmail.comOm ditt ärende är akut, kontakta någon i styrelsen. Vid el-avbrott, se Elverkets hemsida för driftsinformation: https://avbrottskarta.ellevio.se/kommun/vallentuna/idag För info ang. vatten gå in på Ullna-Lövsättra Samfällighetsförening: uls.n.nu Mycket löser vi själva,&#8230; <a href="http://www.brfullnaberg.se/?page_id=40" class="readmore">Läs mer<span class="screen-reader-text">Kontakt / Felanmälan</span><span class="fa fa-angle-double-right" aria-hidden="true"></span></a></p>
